(-1) is divided by k?
18
Suppose -20*g = -7*p - 24*g + 6187, -2645 = -3*p - 5*g. Calculate the remainder when p is divided by 4.
1
Suppose -476*b = 103*b - 1310856. What is the remainder when b is divided by 2261?
3
Let k(p) = p + 2. Let z(m) = 8*m - 53. Let h(n) = 6*k(n) - z(n). Calculate the remainder when h(-18) is divided by 26.
23
Suppose 4*a - 69*z - 50709 = -70*z, -5*z - 12630 = -a. Calculate the remainder when a is divided by 317.
312
Let a = 42 + -31. Let h(q) = q**2 + 6*q - 9. Calculate the remainder when h(4) is divided by a.
9
Suppose -8 = -k - k. Suppose 117*l = 737 - 35. What is the remainder when (27 - -2)*(l - k) is divided by 30?
28
Let d = -1734 - -1777. What is the remainder when 581 is divided by d?
22
Let v = 292 - 295. Let r(t) = t**2 - 15*t - 32. Calculate the remainder when 216 is divided by r(v).
18
Suppose -51*q + 3*m - 3 = -52*q, 4*m - 34 = -3*q. Let a(b) = -b**3 - 7*b**2 - 10*b - 2. Calculate the remainder when a(-7) is divided by q.
14
Let n = -8 + 8. Suppose 3*w - 90 - 18 = n. Suppose -593*l + 597*l = 2*k - 30, -3*k + 59 = l. What is the remainder when w is divided by k?
17
Suppose v = -5*g + 1541, -5*v = -15*g + 16*g - 289. Calculate the remainder when g is divided by 24.
21
Suppose -3*x = -6*x. Suppose 0 = -u + 10 - x. Let g(b) = 2*b**3 - 9*b**2 + 14*b - 81. What is the remainder when g(5) is divided by u?
4
What is the remainder when 0 + 5 - 2*(0 + (-2072)/16) is divided by 7?
5
Calculate the remainder when 448 is divided by (-2250)/(-120)*(-20)/(-5).
73
Suppose 5*y + 173 = 33. Let f = 53 + y. Let z = 5398 + -5385. Calculate the remainder when f is divided by z.
12
Suppose 479 + 249 = 7*d. Suppose 102*z + 30 = d*z. Suppose 3*b - 183 + 63 = 0. What is the remainder when b is divided by z?
10
Let l(v) = 10*v**2 + v + 10. Suppose b = -q - 3*b + 6, -2*b - 96 = -5*q. What is the remainder when l(3) is divided by q?
13
Suppose -144*t = -301*t + 176840 - 41035. Calculate the remainder when t is divided by 829.
36
Let w(u) = 2*u**3 - 10*u**2 + 34*u - 124. What is the remainder when w(5) is divided by 19?
8
Let h = 444929 + -444909. Suppose 4*t = 5*z - 415, -6*t - 420 = -5*z - t. Calculate the remainder when z is divided by h.
19
Suppose 25 = -5*v, 3*v = -3*u - 0 + 210. Calculate the remainder when 145 + 0 + 2 - 0/(-3) is divided by u.
72
Let h = 18222 + -18071. Calculate the remainder when h is divided by 89.
62
Suppose -2*w - 169 = -x, 189 = -4*w + 4*x - 139. Let o = -81 - w. Calculate the remainder when (-4)/(-14) - 8/((-56)/75) is divided by o.
5
Let a be 6*(10/12 - (-2)/(-6)). Let n be (1 - -12) + -3 + a + -3. Suppose -6*o = -n*o + 4, 3*p - 401 = o. What is the remainder when p is divided by 35?
29
Let u = 66553 - 66531. Let f = 94 + -34. What is the remainder when f is divided by u?
16
Let k = 1555 + -1522. Calculate the remainder when 326 is divided by k.
29
Let n(l) = -37*l - 6. Let z be n(-4). Let u = -98 + z. Suppose -d + 15 - 43 = -4*h, 4*h - 5*d = u. Calculate the remainder when 15 is divided by h.
3
Suppose 3*m = -2*p + 321, m - 12*p = -14*p + 111. Suppose 0 = -f, n - 2*f + m = 6*n. Suppose -3*z + 36 = 12. What is the remainder when n is divided by z?
5
Suppose -m - 3 = -6. Let d be (-104)/(-54) - 166/(-2241). Suppose -m*n = 12, -3*g = -d*g - 4*n - 21. What is the remainder when 27 is divided by g?
2
Let f = -123 + 47. Suppose -135 = 24*x - 21*x. Let l = x - f. Calculate the remainder when 61 is divided by l.
30
Let c = -582 + 701. Calculate the remainder when 4043 is divided by c.
116
Let l = 87 - 81. Suppose 2*u + 57 = 3*r, -r = -8*u + l*u - 19. Calculate the remainder when 74 is divided by r.
17
Let y(u) = -u**2 + 38*u - 182. Suppose w = 4*w - 12. Suppose 0*d - 2*d + 5*s + 37 = 0, -2*s + 110 = w*d. What is the remainder when d is divided by y(32)?
6
What is the remainder when (-23)/(-1)*(-1 - -14 - -10) is divided by 9?
7
Let q = 19 + -16. Suppose -2*x = -2*o + q*x - 26, -4*x = 0. What is the remainder when 37 is divided by 5/20*4 - o?
9
Let f be (3/2)/1*110/33. Suppose -36 = -2*b + f*w - 4, -b - 4*w + 16 = 0. What is the remainder when 67 is divided by b?
3
Suppose -5*s + 4579 = 6*l - 8*l, -2748 = -3*s + l. What is the remainder when s is divided by 454?
9
Let u(y) = -2*y + 4. Let k = 91 - 85. What is the remainder when u(-8) is divided by ((-4)/k)/(2 + 37/(-18))?
8
Calculate the remainder when 219 is divided by 74*(108/(-90)*5/4 - -2).
34
Let i(d) be the first derivative of -d**4/2 - 8*d**3 - d**2 - 17*d + 53. What is the remainder when i(-12) is divided by 3?
1
Let r = -26 + 18. Calculate the remainder when 477 is divided by (r/12 - -1) + 267/9.
27
Suppose 4870 = 20*o - 2450. Suppose -4*a + 16 + 19 = -u, -3*u + 31 = 5*a. What is the remainder when o is divided by a?
6
Suppose j - 245 = -6*j. Suppose -39*o = -j*o - 48. Calculate the remainder when 39 is divided by o.
3
Suppose -69*d - 5841 = -78*d. Suppose 55*m = 16544 - d. Calculate the remainder when m is divided by 101.
87
Let y be (-3)/4 + 2826/24. Let o = y - 28. Calculate the remainder when o is divided by 13.
11
What is the remainder when 330*(100/(-900) + (-77)/(-45)) is divided by 71?
31
Suppose 25 = 4*a - y, 2 = 4*y + 22. Suppose -a*p - 2646 = -7*p. Suppose p = 8*m + 139. What is the remainder when m is divided by 38?
34
Suppose -28 - 5 = -b. Let a = b + -29. Suppose -q - 4*q - a*i = -34, 4*q + i - 25 = 0. Calculate the remainder when 11 is divided by q.
5
Suppose -3*h + 2*z - 4 = 0, -z - 2 = -4. What is the remainder when 80 is divided by -5 - -9 - (h + -23)?
26
What is the remainder when 521 is divided by (-1246)/(-21) + 24/9?
25
Let g(w) = w**2 - 3*w - 2 + 13 - 6. What is the remainder when g(-5) is divided by 8?
5
Suppose -2*l + 24 - 30 = 0, 621 = 5*s + 3*l. Calculate the remainder when 391 is divided by s.
13
Let y(f) = 69*f**2 + 38*f + 11. Calculate the remainder when 235 is divided by y(-2).
24
Suppose 2*d - 5*t - 994 = -429, 2*d = -3*t + 557. What is the remainder when d is divided by 24?
16
Let g = 5844 - 5722. What is the remainder when g is divided by 67?
55
Suppose -1 - 11 = -3*h. Suppose 5*d = 25, -5*d - 374 = -h*t + 361. Suppose 0 = -3*b + 73 + 23. What is the remainder when t is divided by b?
30
Let z(r) = r**3 - 5*r**2 - 6*r + 6. Let x be z(6). Suppose 11*k - x*k - 35 = 0. Let j = 227 + -195. What is the remainder when j is divided by k?
4
Let m = 3821 - 3593. What is the remainder when m is divided by 99?
30
Let k = 52 + 1164. What is the remainder when k is divided by 71?
9
Suppose 3*g - 8*g - 81 = -14*g. Calculate the remainder when 557 is divided by g.
8
Let q = -2185 - -2588. Calculate the remainder when q is divided by 9.
7
Suppose -a - 4*u = 18, -10*u + 15*u = -4*a - 17. Calculate the remainder when 493 is divided by a.
1
Let w = 704 - 664. Let u be -27*(-1 + 2)/(-1). Let d = 49 - u. What is the remainder when w is divided by d?
18
Let w = -4281 + 4363. Calculate the remainder when 284 is divided by w.
38
Let h = 4 + 15. Let a(g) = -g**3 - 21*g**2 + 75*g + 104. What is the remainder when a(-24) is divided by h?
13
Let l be (1092/(-6))/(8/4). Let z = l + 102. What is the remainder when 85 is divided by z?
8
Let u = 1111 - 1010. Calculate the remainder when 197 is divided by u.
96
Suppose 14729 = 163*h + 2844 - 4252. What is the remainder when 671 is divided by h?
77
Let l be 35 + ((-10)/(-14) - (-16)/56). Let p = 555 + l. Suppose p = 9*f - 894. Calculate the remainder when f is divided by 28.
25
Suppose -3*y - 13 = 4*h, y - 6*y + 25 = 0. Let z = h - -7. What is the remainder when (3 - (1 - z)) + 47 is divided by 4?
1
Suppose -3 = k, -z - k + 9 = -29. Suppose u + u - 4*x = -6, 0 = 3*u + 4*x - z. Calculate the remainder when -117*(-3 - (-8)/3 - 0) is divided by u.
4
Suppose -11*x + 443 = n - 6*x, -4*x + 916 = 2*n. Suppose 3*w + 23*w - n = 0. What is the remainder when 36 is divided by w?
0
Let k be 8/(-20) - (0 - (-588)/(-20)). Let o = -20 + k. Suppose 0 = 24*p + p - 125. Calculate the remainder when o is divided by p.
4
Calculate the remainder when ((-2583)/(-49) + 3)/(4 - 109/28) is divided by 512.
8
Let w(l) = 65*l + 1848. Calculate the remainder when w(-23) is divided by 311.
42
Suppose 4*x - 10 = 30. Let v(k) = 15*k - 114. Let n be v(8). Suppose -r - 68 = -4*h, n*r = -h + 2*r + 17. Calculate the remainder when h 